hundred thousands digit of 8928177?
9
What is the thousands digit of 125452?
5
What is the hundred thousands digit of 5423574?
4
What is the units digit of 10151759?
9
What is the hundreds digit of 19780?
7
What is the units digit of 105694?
4
What is the hundred thousands digit of 1184197?
1
What is the hundreds digit of 8848063?
0
What is the hundreds digit of 1446597?
5
What is the ten thousands digit of 5105500?
0
What is the ten thousands digit of 5559326?
5
What is the units digit of 2865592?
2
What is the ten millions digit of 14306114?
1
What is the hundreds digit of 227001?
0
What is the millions digit of 1098771?
1
What is the ten millions digit of 32852294?
3
What is the thousands digit of 63317?
3
What is the tens digit of 1132111?
1
What is the ten thousands digit of 2794290?
9
What is the thousands digit of 140192?
0
What is the thousands digit of 4650?
4
What is the ten thousands digit of 304840?
0
What is the units digit of 34220?
0
What is the hundreds digit of 165678?
6
What is the hundred thousands digit of 2837186?
8
What is the tens digit of 6112445?
4
What is the tens digit of 1449890?
9
What is the hundred thousands digit of 1054724?
0
What is the hundred thousands digit of 2377759?
3
What is the units digit of 511923?
3
What is the ten thousands digit of 1858989?
5
What is the tens digit of 6581537?
3
What is the ten millions digit of 18536156?
1
What is the hundred thousands digit of 1456435?
4
What is the hundreds digit of 16978174?
1
What is the thousands digit of 615496?
5
What is the tens digit of 225856?
5
What is the thousands digit of 34932?
4
What is the hundred thousands digit of 840108?
8
What is the hundreds digit of 809514?
5
What is the millions digit of 11544842?
1
What is the tens digit of 97796?
9
What is the ten thousands digit of 519708?
1
What is the ten thousands digit of 21408091?
0
What is the hundreds digit of 216719?
7
What is the hundreds digit of 1312369?
3
What is the hundred thousands digit of 6533293?
5
What is the ten thousands digit of 7475381?
7
What is the ten thousands digit of 618013?
1
What is the millions digit of 2859765?
2
What is the tens digit of 431208?
0
What is the hundreds digit of 3158072?
0
What is the hundred thousands digit of 202984?
2
What is the ten thousands digit of 218345?
1
What is the ten thousands digit of 135458?
3
What is the hundred thousands digit of 11116884?
1
What is the millions digit of 10044388?
0
What is the ten thousands digit of 2952662?
5
What is the hundreds digit of 534216?
2
What is the millions digit of 2208953?
2
What is the ten thousands digit of 346069?
4
What is the ten thousands digit of 2851885?
5
What is the ten millions digit of 10651003?
1
What is the tens digit of 19787812?
1
What is the hundreds digit of 10704394?
3
What is the units digit of 401297?
7
What is the hundreds digit of 540925?
9
What is the tens digit of 8898532?
3
What is the hundred thousands digit of 3441613?
4
What is the units digit of 347528?
8
What is the hundreds digit of 992168?
1
What is the ten thousands digit of 32468158?
6
What is the tens digit of 109380?
8
What is the hundreds digit of 5056636?
6
What is the hundreds digit of 19729?
7
What is the hundred thousands digit of 354788?
3
What is the thousands digit of 465864?
5
What is the thousands digit of 1094865?
4
What is the hundred thousands digit of 3447510?
4
What is the units digit of 2566341?
1
What is the tens digit of 10662338?
3
What is the thousands digit of 8248447?
8
What is the thousands digit of 6562920?
2
What is the tens digit of 1143945?
4
What is the tens digit of 521110?
1
What is the ten thousands digit of 585786?
8
What is the tens digit of 18435475?
7
What is the ten thousands digit of 11813454?
1
What is the thousands digit of 2178686?
8
What is the tens digit of 253583?
8
What is the units digit of 2416962?
2
What is the ten thousands digit of 1271689?
7
What is the units digit of 1712296?
6
What is the ten thousands digit of 16095897?
9
What is the tens digit of 1984504?
0
What is the thousands digit of 4930891?
0
What is the hundred thousands digit of 980957?
9
What is the hundred thousands digit of 251970?
2
What is the units digit of 2989863?
3
What is the hundred thousands digit of 162716?
1
What is the thousands digit of 10946451?
6
What is the tens digit of 671049?
4
What is the ten millions digit of 16676376?
1
What is the tens digit of 2507385?
8
What is the hundreds digit of 20523959?
9
What is the units digit of 5581868?
8
What is the hundred thousands digit of 1868585?
8
What is the ten thousands digit of 256200?
5
What is the tens digit of 2585696?
9
What is the ten thousands digit of 1708919?
0
What is the units digit of 3027569?
9
What is the hundred thousands digit of 14493582?
4
What is the ten thousands digit of 29944638?
4
What is the hundreds digit of 5990780?
7
What is the hundred thousands digit of 5320614?
3
What is the ten thousands digit of 912130?
1
What is the ten millions digit of 21621795?
2
What is the hundreds digit of 780168?
1
What is the hundred thousands digit of 534578?
5
What is the units digit of 383326?
6
What is the units digit of 747721?
1
What is the ten thousands digit of 883046?
8
What is the ten millions digit of 22370006?
2
What is the units digit of 428621?
1
What is the units digit of 19433865?
5
What is the ten thousands digit of 74681?
7
What is the thousands digit of 276136?
6
What is the units digit of 1734926?
6
What is the thousands digit of 75362?
5
What is the hundred thousands digit of 4810489?
8
What is the thousands digit of 1768385?
8
What is the ten thousands digit of 579792?
7
What is the thousands digit of 68326?
8
What is the units digit of 537938?
8
What is the ten thousands digit of 1407479?
0
What is the ten thousands digit of 1248726?
4
What is the thousands digit of 16717358?
7
What is the ten thousands digit of 365244?
6
What is the hundreds digit of 1304699?
6
What is the thousands digit of 10535158?
5
What is the thousands digit of 3202258?
2
What is the hundred thousands digit of 2065308?
0
What is the units digit of 655039?
9
What is the hundreds digit of 542759?
7
What is the millions digit of 18263092?
8
What is the thousands digit of 159967?
9
What is the tens digit of 143743?
4
What is the hundreds digit of 1290524?
5
What is the millions digit of 2581904?
2
What is the thousands digit of 100233?
0
What is the units digit of 150500?
0
What is the tens digit of 2447763?
6
What is the hundreds digit of 42079?
0
What is the hundreds digit of 612866?
8
What is the thousands digit of 27618223?
8
What is the ten thousands digit of 234201?
3
What is the ten thousands digit of 30745799?
4
What is the hundred thousands digit of 2797900?
7
What is the tens digit of 32231638?
3
What is the ten thousands digit of 30360?
3
What is the hundreds digit of 3486852?
8
What is the thousands digit of 961075?
1
What is the units digit of 1744743?
3
What is the tens digit of 959859?
5
What is the hundred thousands digit of 449531?
4
What is the ten thousands digit of 2592634?
9
What is the ten millions digit of 33858265?
3
What is the thousands digit of 657552?
7
What is the ten thousands digit of 18399642?
9
What is the hundreds digit of 148313?
3
What is the thousands digit of 158541?
8
What is the ten thousands digit of 421760?
2
What is the thousands digit of 2329321?
9
What is the ten thousands digit of 6517250?
1
What is the hundreds digit of 7891037?
0
What is the hundreds digit of 195632?
6
What is the thousands digit of 419611?
9
What is the ten thousands digit of 1047307?
4
What is the hundreds digit of 20346905?
9
What is the tens digit of 13474?
7
What is the units digit of 275981?
1
What is the ten thousands digit of 5239743?
3
What is the ten thousands digit of 1647870?
4
What is the units digit of 1300897?
7
What is the hundreds digit of 2245263?
2
What is the hundred thousands digit of 19952644?
9
What is the units digit of 5695876?
6
What is the units digit of 411258?
8
What is the units digit of 579973?
3
What is the units digit of 9993494?
4
What is the tens digit of 813035?
3
What is the hundred thousands digit of 6037366?
0
What is the ten thousands digit of 2061578?
6
What is the millions digit of 292